).
-72
Let m(q) = q**2 + 34*q - 72. Calculate m(-36).
0
Let f(b) = -b**3 - 17*b**2 - 13*b + 52. Give f(-16).
4
Let k(x) = -x**3 - 26*x**2 - 25*x - 2. Give k(-25).
-2
Let j(y) = y**3 - 20*y**2 + 1. What is j(20)?
1
Let w(x) = -x**3 + 11*x**2 - 10*x + 5. Calculate w(10).
5
Let z(o) = -3*o - 101. Calculate z(-36).
7
Let x(v) = -v**3 - 10*v**2 + 14*v + 26. Calculate x(-11).
-7
Let o(n) = 9*n - 75. Determine o(8).
-3
Let q(p) = p**3 + 12*p**2 - 3. Calculate q(-12).
-3
Let u(d) = d**2 - 3*d + 2. What is u(1)?
0
Let j(p) = -p**3 - 10*p**2 + 7*p - 38. Give j(-11).
6
Let o(b) = 15*b + 18. What is o(-1)?
3
Let i(m) = 83*m + 252. Calculate i(-3).
3
Let m(g) = -3*g + 1. Give m(-10).
31
Let o(d) = d + 2. What is o(-2)?
0
Let c(y) = 12*y + 54. Determine c(-6).
-18
Let d(g) = 2*g**2 - 5*g + 1. Determine d(3).
4
Let c(q) = q**3 - 7*q**2 - 3*q - 4. Calculate c(7).
-25
Let x(n) = n**3 - 12*n**2 + 13*n - 10. What is x(11)?
12
Let f(c) = 2*c**3 - 6*c**2 - 110*c + 12. Determine f(9).
-6
Let z(n) = -n**3 + 17*n**2 - 16*n - 5. Give z(16).
-5
Let d(p) = -p**2 + 13*p + 8. Determine d(14).
-6
Let f(b) = -4*b + 27. Give f(6).
3
Let l(w) = -5*w + 1. Calculate l(-1).
6
Let q(l) = l**3 - l**2 - 57. Give q(0).
-57
Let s(x) = 210*x - 4. Give s(0).
-4
Let x(o) = o**2 - 3*o - 582. What is x(26)?
16
Let s(c) = c**3 + c**2 - 2*c + 6. Determine s(0).
6
Let s(c) = c - 7. Determine s(6).
-1
Let m(x) = 7*x - 3. What is m(4)?
25
Let k(z) = -z**2 + z + 41. What is k(7)?
-1
Let u(d) = -d**2 + 8*d - 6. Determine u(5).
9
Let f(u) = 7*u**3 + u**2 - u. Determine f(1).
7
Let x(o) = -10*o + 38. Calculate x(3).
8
Let r(v) = 13*v**2. Determine r(-2).
52
Let g(l) = -23*l + 3. Give g(2).
-43
Let i(u) = 2*u**3 + 6*u**2 + 2*u + 4. What is i(-4)?
-36
Let y(b) = b**2 + 178*b + 2. Calculate y(0).
2
Let y(x) = -32*x**2 + x. What is y(-1)?
-33
Let f(l) = -9*l - 107. Calculate f(-11).
-8
Let h(a) = 3*a**3 - 5*a + 9. What is h(-2)?
-5
Let x(g) = 5*g - 227. Calculate x(45).
-2
Let g(r) = -14*r - 137. What is g(-10)?
3
Let s(v) = v + 1. What is s(-5)?
-4
Let d(x) = 3*x + 27. What is d(-7)?
6
Let o(w) = -3*w**3 + 28*w**2 - 9*w - 4. Give o(9).
-4
Let j(s) = 7*s - 106. Give j(16).
6
Let u(c) = c**3 - 15*c**2 - 15*c - 2. Determine u(16).
14
Let f(g) = -g**3 + 12*g**2 + 14*g - 16. Calculate f(13).
-3
Let z(r) = -r**3 - 9*r**2 - 8*r + 8. Calculate z(-8).
8
Let r(n) = -n**3 - 5*n**2 + 3*n + 6. Give r(-5).
-9
Let r(c) = -2*c**2 - 14*c + 74. Give r(4).
-14
Let q(d) = d**2 - 16*d + 39. Calculate q(13).
0
Let s(x) = 2*x**3 - 7*x**2 - 2*x - 4. What is s(4)?
4
Let f(g) = g**2 + g - 38. Determine f(-6).
-8
Let x(k) = k**2 + k - 15. Determine x(0).
-15
Let b(m) = -m**2 - 11*m + 7. Determine b(-11).
7
Let s(p) = p**2 - 29*p + 120. Give s(24).
0
Let s(p) = 3*p**3 + 48*p**2 + 45*p - 6. Calculate s(-15).
-6
Let w(z) = 44*z - 13. Calculate w(1).
31
Let n(o) = o**3 + 12*o**2 - 14*o + 3. Determine n(-13).
16
Let v(j) = 3*j**3 - j**2 + j - 1. Determine v(2).
21
Let m(n) = 11*n**3 + n**2 - 2*n - 2. What is m(-1)?
-10
Let s(h) = -h**3 + 3*h**2 - 2. Determine s(3).
-2
Let b(n) = -n**3 + 21*n**2 - 20*n + 7. Give b(20).
7
Let v(l) = -l**2 - 78*l - 71. Calculate v(-77).
6
Let l(o) = -o**3 - 13*o**2 - 24*o - 3. Calculate l(-11).
19
Let s(m) = 2*m + 20. Calculate s(-10).
0
Let j(l) = l**3 - 14*l**2 + 7*l + 81. Calculate j(13).
3
Let f(w) = -11*w**2 - 68*w - 10. Calculate f(-6).
2
Let d(z) = -z**2 - 3*z + 3. What is d(-5)?
-7
Let k(f) = 6*f - 18. What is k(4)?
6
Let z(q) = -q**3 - 18*q**2 - 33*q - 13. Calculate z(-16).
3
Let h(n) = -n**2 - 2*n + 10. What is h(-5)?
-5
Let z(o) = -2*o**3 + o**2 + o + 89. What is z(0)?
89
Let v(f) = 5*f + 158. What is v(-30)?
8
Let t(u) = -38*u - 158. What is t(-4)?
-6
Let o(h) = h**3 - 7*h**2 - 2*h + 9. What is o(7)?
-5
Let t(l) = 36*l**2 + 1. Calculate t(1).
37
Let s(q) = -q**3 - 6*q**2 + q + 28. Determine s(-5).
-2
Let g(v) = -v**3 + 7*v**2 - 7*v - 6. Determine g(4).
14
Let o(l) = l**3 + 2*l**2 - 23*l + 7. Give o(-6).
1
Let o(u) = 9*u**2 - 3*u + 6. Give o(3).
78
Let f(m) = 30*m + 150. What is f(-5)?
0
Let p(r) = -8*r**2 + 80*r + 21. What is p(10)?
21
Let a(s) = -2*s**3 + 35*s**2 + 20*s - 30. Give a(18).
6
Let w(f) = -2*f**3 - 3*f**2 + f + 1. Calculate w(3).
-77
Let o(f) = 3*f + 30. Calculate o(-11).
-3
Let n(o) = -o**2 - 9*o + 57. Give n(4).
5
Let b(x) = 2*x**2 - 2*x - 3. What is b(4)?
21
Let h(n) = -3*n**2 + 3*n - 2. Give h(5).
-62
Let x(f) = -8*f + 51. Give x(12).
-45
Let d(m) = -3*m**2 + 8*m - 2. Give d(3).
-5
Let n(x) = -2*x**3 - 11*x**2 + 11*x + 23. Determine n(-6).
-7
Let v(g) = -g**3 - 9*g**2 - 2*g + 50. Give v(-8).
2
Let n(v) = -49*v**3 - v. Give n(1).
-50
Let n(s) = -s**2 + 8. What is n(2)?
4
Let b(o) = -o**2 - 4*o + 7. What is b(8)?
-89
Let g(d) = d**2 - 13*d - 26. Determine g(14).
-12
Let a(i) = i + 8. What is a(4)?
12
Let q(n) = -n**3 + 20*n**2 - 18*n - 16. Determine q(19).
3
Let c(o) = -o**2 + 22*o - 91. Calculate c(6).
5
Let u(k) = -8*k - 2. Determine u(3).
-26
Let w(j) = 30*j - 418. Give w(14).
2
Let w(v) = v**3 - 6*v**2 - 3*v - 6. Give w(7).
22
Let v(r) = -2*r**2 + 2*r - 22. Give v(0).
-22
Let z(n) = n**3 + 2*n**2 - 12*n + 16. What is z(4)?
64
Let t(v) = -3*v + 36. Give t(11).
3
Let g(p) = 5*p**2 + p - 17. Determine g(7).
235
Let g(w) = 6*w**3 + w**2 - w. Give g(-2).
-42
Let a(b) = -b**3 - 6*b**2 + 8*b - 1. Calculate a(-7).
-8
Let b(o) = 65*o + 8. What is b(-1)?
-57
Let u(a) = a**2 - 3*a - 7. Calculate u(6).
11
Let h(j) = 6*j - 59. Calculate h(10).
1
Let t(h) = -h**2 - 3*h + 5. Calculate t(5).
-35
Let a(t) = -45*t + 3875. What is a(86)?
5
Let z(f) = f**2 - 17*f + 13. Calculate z(16).
-3
Let u(h) = -2*h**2 - 15*h. Determine u(-8).
-8
Let c(m) = -2*m**2 - 54*m + 48. Give c(-25).
148
Let v(u) = u**3 + 11*u**2 + 17*u + 12. Calculate v(-9).
21
Let d(k) = k**3 - 5*k**2 - k + 3. What is d(5)?
-2
Let q(v) = 2*v - 13. Calculate q(12).
11
Let n(y) = 4*y**3 - y**2 + 9*y - 9. Give n(1).
3
Let m(q) = -2*q + 40. What is m(14)?
12
Let g(b) = -3*b + 34. What is g(12)?
-2
Let o(f) = 11*f**2 - 10*f - 22. Calculate o(-2).
42
Let g(r) = r**3 - r**2 + 40*r + 86. What is g(-2)?
-6
Let b(l) = l**2 + 5*l - 6. Calculate b(2).
8
Let a(z) = z - 16. What is a(0)?
-16
Let r(b) = -b**2 + b + 4. Determine r(-6).
-38
Let i(z) = -3*z - 3. Calculate i(5).
-18
Let f(j) = 5*j**2 + 5*j. Determine f(-2).
10
Let p(b) = b**3 - 6*b**2 - b + 6. Calculate p(6).
0
Let q(k) = -k**3 + 8*k**2 - 15*k + 18. What is q(6)?
0
Let g(t) = t**2 - 6*t - 11. What is g(8)?
5
Let m(h) = h**2 - 6*h - 91. Give m(13).
0
Let i(f) = -9*f - 10. Calculate i(-4).
26
Let b(q) = -q**3 + 31*q**2 + 99*q + 32. Give b(34).
-70
Let o(h) = 2*h**3 + 10*h**2 + 2*h + 2. Calculate o(-5).
-8
Let m(t) = -12*t + 113. Give m(8).
17
Let m(a) = a**3 + 11*a**2 + 9*a - 35. Determine m(-10).
-25
Let h(n) = -2*n**2 - 6*n - 12. Determine h(0).
-12
Let s(b) = b**3 + 2*b**2 - 3*b - 2. What is s(-5)?
-62
Let s(j) = -j**3 - 5*j**2 - 2*j. Give s(-3).
-12
Let w(s) = 4*s - 9. What is w(4)?
7
Let j(g) = -10*g - 48. What is j(-5)?
2
Let y(l) = l**3 - 8*l**2 + 4*l - 2. Determine y(7).
-23
Let u(b) = b**3 - 6*b**2 + 4*b + 8. Determine u(6).
32
Let t(h) = 3*h**2 + 3*h + 1. What is t(3)?
37
Let p(y) = 15*y - 31. Calculate p(2).
-1
Let m(j) = -j**3 + j**2 + 2*j + 1. Give m(-2).
9
Let b(p) = -4*p + 124. Determine b(31).
0
Let o(b) = -b**3 - 7*b**2 - 5*b - 37. Give o(-7).
-2
Let l(f) = 2*f**2 + 20*f. What is l(-9)?
-18
Let j(x) = x**2 - 5*x + 8. Determine j(9).
44
Let h(o) = -2*o**3 - 18*o**2 + 20*o + 5. Determine h(-10).
5
Let o(y) = -3*y - 24. Give o(0).
-24
Let y(s) = -5*s**2 - s - 5. What is y(3)?
-53
Let d(q) = q + 14. Determine d(-21).
-7
Let g(p) = -p**3 + 11*p**2 + 4*p + 15. What is g(11)?
59
Let b(m) = -m - 28. Determine b(11).
-39
Let g(j) = j**3 + 12*j**2 + 11*j + 6. Calculate g(-11).
6
Let f(h) = h + 14. Give f(-10).
4
Let p(w) = -w**2 - 8*w - 20. Calculate p(0).
-20
Let z(b) = b**3 - 13*b**2 - 15*b + 20. Determine z(14).
6
Let p(j) = -j**3 + 10*j**2 + 11*j - 15. What is p(11)?
-15
Let i(g) = g**3 + 62*g**2 - 64*g - 69. Calculate i(-63).
-6
Let x(u) = -3*u - 8. Determine x(-16).
40
Let s(v) = v**2 - 11*v - 3. What is s(12)?
9
Let i(l) = -7*l + 6. Calculate i(2).
-8
Let n(v) = 2*v**2 + v - 2. Determine n(-2).
4
Let y(u) = -u**3 - 3*u**2 + 5. Give y(-3).
5
Let n(x) = 2*x**3 + 1